tor of 406952 and 1014?
338
Calculate the greatest common divisor of 6 and 23574.
6
What is the greatest common factor of 105 and 381325?
35
What is the greatest common divisor of 148 and 46028?
148
Calculate the highest common factor of 1560 and 13416.
312
What is the highest common factor of 961218 and 126?
18
Calculate the highest common factor of 141901 and 205.
41
What is the highest common factor of 444 and 9176?
148
What is the greatest common divisor of 896832 and 64?
64
What is the highest common divisor of 312 and 86814?
78
Calculate the greatest common factor of 616 and 4444.
44
What is the highest common divisor of 2698 and 6532?
142
Calculate the greatest common divisor of 1411 and 3569.
83
Calculate the highest common divisor of 89547 and 57.
57
What is the greatest common divisor of 7 and 3805865?
7
Calculate the highest common factor of 551 and 10317.
19
What is the highest common factor of 127 and 64?
1
What is the highest common factor of 7200 and 500?
100
Calculate the greatest common divisor of 12656141 and 23.
23
Calculate the highest common factor of 226565 and 2260.
565
Calculate the highest common factor of 645 and 9288.
129
Calculate the greatest common factor of 317697 and 6.
3
What is the highest common divisor of 978 and 70742?
326
What is the greatest common divisor of 14522 and 4658?
274
Calculate the greatest common divisor of 506 and 1518.
506
What is the highest common divisor of 7514 and 44434?
26
Calculate the highest common divisor of 225 and 295.
5
What is the greatest common factor of 468052 and 52?
52
What is the greatest common divisor of 22526 and 3150?
14
Calculate the greatest common divisor of 3950 and 354710.
790
What is the greatest common divisor of 1616 and 312?
8
Calculate the highest common divisor of 17673 and 86.
43
What is the highest common divisor of 259388 and 152?
76
Calculate the highest common divisor of 62 and 2205991.
31
Calculate the greatest common factor of 1677 and 3198.
39
Calculate the greatest common factor of 311131 and 1446.
241
Calculate the highest common divisor of 55 and 395.
5
What is the highest common factor of 32 and 814088?
8
What is the highest common divisor of 253753 and 141?
47
What is the greatest common divisor of 966 and 3430?
14
Calculate the highest common factor of 35945 and 58240.
455
What is the greatest common factor of 71 and 48280?
71
What is the greatest common factor of 45000 and 54360?
360
What is the greatest common factor of 163391 and 436?
109
Calculate the highest common divisor of 56472 and 91948.
724
What is the highest common factor of 34 and 115906?
34
What is the highest common factor of 374 and 2133296?
374
Calculate the greatest common divisor of 112011 and 3.
3
Calculate the highest common factor of 252 and 14434.
14
Calculate the highest common divisor of 1638 and 536130.
126
What is the greatest common divisor of 78778 and 3794?
14
Calculate the highest common divisor of 178 and 978644.
178
What is the greatest common factor of 416 and 22208?
32
What is the greatest common factor of 792 and 51048?
72
Calculate the greatest common factor of 8375 and 19765.
335
Calculate the highest common divisor of 528 and 2184048.
48
What is the greatest common factor of 294 and 306789?
147
Calculate the greatest common factor of 710652 and 108.
12
What is the highest common divisor of 197928 and 216?
72
What is the highest common factor of 54 and 38466?
18
What is the greatest common factor of 435488 and 992?
992
What is the highest common divisor of 31885 and 5145?
35
Calculate the greatest common factor of 581720 and 220.
20
What is the greatest common factor of 2941 and 8131?
173
What is the greatest common factor of 772 and 344119?
193
What is the highest common factor of 8277 and 155?
31
What is the highest common divisor of 848 and 50774?
106
What is the highest common factor of 1089696 and 96?
96
What is the greatest common divisor of 93201 and 275637?
1983
Calculate the greatest common factor of 6 and 196563.
3
What is the greatest common factor of 153 and 15164?
17
Calculate the greatest common divisor of 1668 and 94632.
12
Calculate the highest common factor of 1271700 and 200.
100
Calculate the greatest common factor of 69632 and 204.
68
Calculate the highest common divisor of 66 and 4914382.
22
What is the highest common factor of 261387 and 1701?
567
Calculate the highest common factor of 43116 and 4152.
12
What is the highest common factor of 117 and 104403?
39
Calculate the highest common factor of 1341036 and 432.
108
Calculate the highest common factor of 28 and 105847.
7
What is the greatest common divisor of 2961 and 126?
63
Calculate the highest common divisor of 19 and 20543.
1
What is the highest common divisor of 217183 and 485?
97
Calculate the greatest common factor of 278156 and 84.
4
Calculate the greatest common divisor of 103 and 1086753.
103
Calculate the highest common divisor of 79527 and 11613.
147
What is the greatest common divisor of 114 and 782116?
38
Calculate the greatest common divisor of 4242 and 113019.
303
Calculate the greatest common factor of 2641224 and 12.
12
Calculate the highest common factor of 3945 and 2055.
15
What is the highest common divisor of 488 and 12566?
122
Calculate the greatest common factor of 1086 and 240730.
362
Calculate the highest common factor of 10 and 36070.
10
Calculate the greatest common divisor of 138 and 87207.
3
Calculate the highest common factor of 848 and 596780.
212
Calculate the highest common factor of 5 and 159705.
5
What is the greatest common factor of 18601 and 76?
19
What is the greatest common factor of 50 and 1931400?
50
What is the highest common factor of 153384 and 528?
264
What is the greatest common factor of 265 and 116080?
5
Calculate the greatest common divisor of 1612 and 945841.
403
Calculate the greatest common divisor of 151921 and 154.
77
What is the highest common divisor of 9 and 386244?
9
Calculate the highest common divisor of 29788 and 66.
22
What is the greatest common factor of 40 and 35528?
8
What is the highest common factor of 38136 and 42?
42
What is the greatest common factor of 2328 and 3742?
2
What is the highest common factor of 2418 and 4875?
39
What is the greatest common factor of 595860 and 6?
6
What is the greatest common factor of 76 and 779?
19
What is the greatest common divisor of 38800 and 16?
16
What is the greatest common divisor of 90 and 69624?
18
What is the greatest common divisor of 1593 and 316?
1
Calculate the greatest common factor of 158 and 105149.
79
What is the greatest common divisor of 3748 and 180?
4
Calculate the greatest common factor of 39848 and 408.
136
What is the greatest common divisor of 366 and 133468?
122
What is the highest common divisor of 16524 and 1380672?
1836
Calculate the greatest common divisor of 26 and 4127669.
13
What is the greatest common factor of 4049993 and 821?
821
What is the highest common factor of 24 and 2200?
8
Calculate the greatest common factor of 29869 and 595.
119
What is the greatest common divisor of 24 and 76569?
3
What is the highest common factor of 584 and 222358?
146
What is the greatest common factor of 130016 and 1207?
17
What is the highest common factor of 12 and 1552812?
12
What is the greatest common divisor of 4088 and 15476?
292
What is the highest common factor of 660 and 4998180?
660
What is the greatest common factor of 207 and 5202?
9
Calculate the greatest common factor of 19260 and 120.
60
Calculate the greatest common factor of 221 and 3861.
13
What is the greatest common factor of 219 and 994917?
219
Calculate the highest common factor of 840 and 16600.
40
Calculate the highest common factor of 1987623 and 198.
99
Calculate the greatest common factor of 224 and 23552.
32
What is the highest common divisor of 72 and 135414?
18
What is the highest common divisor of 203376 and 304?
304
What is the greatest common factor of 434004 and 13486?
1226
Calculate the highest common factor of 18 and 751950.
18
Calculate the greatest common factor of 1940301 and 162.
27
Calculate the greatest common divisor of 1235630 and 11.
11
Calculate the greatest common divisor of 487760 and 182.
182
Calculate the highest common divisor of 225021 and 1284.
321
Cal